m(-3). Suppose 12 = f*i, -h + 4*i = 2*i - 144. List the prime factors of h.
2, 3, 5
Suppose 264 = -4*x + 1988. What are the prime factors of x?
431
Let d(k) = -k**2 + 45*k - 152. List the prime factors of d(28).
2, 3
Let l(u) = u + 9*u - 18*u + 4 + 7*u. What are the prime factors of l(2)?
2
Let h = -44 - -49. Suppose 0 = 5*q - 12 - 3. Suppose h*c - 318 = -n, 0 = q*c + 2*n - 116 - 79. What are the prime factors of c?
3, 7
Let z(w) = -w + 12. Suppose 5*u - 8*u = -84. Suppose u = 4*n + 88. List the prime factors of z(n).
3
Let n(u) = u**3 + 4*u**2 + 4*u + 3. Let x be n(-2). Suppose 2*h + x*k = 6*h - 29, -h + 20 = -5*k. Let f(y) = 6*y - 10. What are the prime factors of f(h)?
2, 5
Let y = -964 - -1749. List the prime factors of y.
5, 157
Suppose 4*c = -5*z - 9, 0 = 2*c - 4*z + 2*z. What are the prime factors of ((-4)/16)/(c/(-4))*-223?
223
Let t(h) be the second derivative of -h**5/20 - 5*h**4/6 + h**3/3 - 5*h**2 + 6*h. What are the prime factors of t(-11)?
89
Let p(z) = -z**3 + 18*z**2 + 4*z - 4. Let x be p(18). Suppose -x*b + 72*b = 488. What are the prime factors of b?
2, 61
List the prime factors of (153 + 3)*(-2 + 21/4).
3, 13
Suppose -5 = -5*r - 4*s + s, -s = 0. Let m be r/2*670/5. Suppose -8*a + 4*a = -y + m, -a = 3*y - 136. List the prime factors of y.
47
Let g be 1/((-1)/3)*(-280)/(-12). Let r = 71 - g. List the prime factors of r.
3, 47
Let i(z) = 131*z - 153. What are the prime factors of i(8)?
5, 179
List the prime factors of 21462/28 - 6/(-4).
2, 3
Let k be 6/4*(3 + -1). Suppose -4*r = -4*y + y + 8, 3*r + 6 = k*y. List the prime factors of 20/(-3)*3/r.
2, 5
Let b = 51 - -483. List the prime factors of b.
2, 3, 89
Suppose 10 = -0*x + 2*x. Suppose x*s - 503 = s + u, -u = -3*s + 377. List the prime factors of s.
2, 3, 7
Let q = -2 + 4. Suppose -3*h + 48 = -q*u, -u - 2*u + 9 = 0. Suppose h*g = 16*g + 58. List the prime factors of g.
29
What are the prime factors of (2268/(-90) + 0)/(1/(-105))?
2, 3, 7
Let o(k) = -k**3 + 6*k**2 - 6*k + 2. Let r be o(2). Let v(c) = c - 9. Let q be v(9). Suppose q = b - 27 + r. What are the prime factors of b?
3, 7
Suppose -5 = -3*a + 31. Let f be 3/(-12) - (-615)/a. Suppose -2*h = i - f, 0*i + 3*h - 147 = -3*i. What are the prime factors of i?
47
Suppose z = -b + 93, -2*z + 3*b = -34 - 172. Let i = z + -67. Let l = i + 4. What are the prime factors of l?
2, 17
Let m = -1160 + 1957. List the prime factors of m.
797
Let i(z) = z**2 - 13*z - 50. Let y be i(19). Suppose 14*x - y = 6*x. List the prime factors of x.
2
Let n(i) = i**3 - i - 1. Let c(x) = 5*x**3 + x**2 - 5*x - 23. Suppose r + 0*d = d + 3, 2*d = 2. Let s(o) = r*n(o) - c(o). List the prime factors of s(0).
19
Suppose -4*m + 1244 + 1484 = 0. What are the prime factors of m?
2, 11, 31
Let x(m) = -2*m + 33. Let z be x(14). Suppose -r + 298 = z*f, -46 = -f + r + 16. What are the prime factors of f?
2, 3, 5
Suppose 0 = 62*i + 2267 - 28493. What are the prime factors of i?
3, 47
Suppose 6*r + 5*p + 2 = 3*r, -2*r = -p - 3. Let w be r/4 + (-693)/(-28). Suppose 5*b = w + 30. List the prime factors of b.
11
Let p(x) = x**3 + 14*x**2 - 3*x - 19. Let a be p(-9). What are the prime factors of 42/56 - a/(-4)?
2, 13
Let a = 233 - 123. List the prime factors of a/33 + 12/(-9).
2
Let q be (-3 + 1 - -2)/2. Suppose q = -4*d, -3*v + 5*v + 5*d = 170. What are the prime factors of v?
5, 17
Let l(h) = 391*h**2 + 8*h - 7. List the prime factors of l(1).
2, 7
Let z(y) be the first derivative of y**4/2 - 4*y**3/3 - y**2/2 + y + 28. What are the prime factors of z(5)?
2, 73
Let k(b) be the second derivative of 3*b**5/20 + b**4/12 + 5*b**3/6 - 7*b**2/2 + 10*b. What are the prime factors of k(3)?
2, 7
Let l be 64/((-18)/(-63)*(-14)/(-10)). Suppose 4*x + l = 8*x. What are the prime factors of x?
2, 5
Suppose 0 = 12*w - 45556 - 4316. List the prime factors of w.
2, 1039
Let c(h) = -185*h - 26. List the prime factors of c(-22).
2, 3, 337
Let r be 51/12 + 6/8. Let z be (-1133)/r + (-3)/(-5). Let y = -151 - z. List the prime factors of y.
3, 5
Let h(p) = -2*p - 12. Let c(l) = -12*l - 84. Let k(g) = -6*c(g) + 44*h(g). List the prime factors of k(-7).
2, 11
Let p = -2 - 9. Let i = 54 - 40. Let n = i + p. List the prime factors of n.
3
Suppose 4*v = -5*i + 1915, -2*v = 4*i - 3*v - 1553. What are the prime factors of i?
3, 43
Suppose -3*v + 5*v - 12 = 0. Suppose -v*u = -5*u - 10. Suppose -2*q = -u - 76. List the prime factors of q.
43
Suppose -43 = -5*t - 3*n - 5, -t + 8 = n. Suppose 164 = t*j - 3*j. List the prime factors of j.
41
Let c(h) = 1442*h**2 - 3*h - 2. What are the prime factors of c(1)?
3, 479
List the prime factors of (-210)/9*2280/(-100).
2, 7, 19
Suppose -c - l = -1 - 9, 25 = c - 4*l. Suppose -80 = -3*w + c. What are the prime factors of w?
31
Suppose -5*r - l - 73 = 2*l, 4*l = -5*r - 69. Suppose 0 = -0*u - u + 3. What are the prime factors of u - 6 - (1 + r)?
13
Let o(r) = -2*r**3 + r**2 - 2*r - 7. Let u(y) = -2*y**3 + y**2 - 3*y - 8. Let i(b) = -4*o(b) + 3*u(b). What are the prime factors of i(2)?
2, 7
Suppose -3*d + 61 + 275 = 0. List the prime factors of d/(-3)*(-18)/12.
2, 7
Suppose 17128 = 9*b + 1558. List the prime factors of b.
2, 5, 173
Let l = 115 - 112. List the prime factors of (l/(-6))/((-1)/(-116)*-2).
29
Let g = 9 - 1. Let t be 10/40 + (-2)/g. Suppose t = -5*h - 4*a + 164, 3*h - 4*a + 7*a = 96. What are the prime factors of h?
2, 3
Suppose -5*a + 113 = -47. Suppose -25*p + 50 = 25. What are the prime factors of (2 - p) + (a - 5)?
2, 7
Let z(k) be the third derivative of k**5/60 - 5*k**4/24 - k**3/2 - 2*k**2. Suppose -u = 2*h - 16, 2*u + 3*h - 27 = -0*h. What are the prime factors of z(u)?
3
Suppose -5*r - 2*b + 243 + 363 = 0, 3*r - 369 = -3*b. Let k = r - 42. What are the prime factors of k?
2, 3, 13
Suppose -g + 9258 + 11281 = 5*r, 4*r + 4*g = 16428. What are the prime factors of r?
2, 13, 79
Suppose -74*f + 26*f = -205344. List the prime factors of f.
2, 3, 23, 31
Let o(b) = 2*b + 3. Let v be o(0). Suppose 0 = -4*d + v*d + 66. Suppose 2*n + 2*r = 4*r + d, 0 = 3*n + 4*r - 71. List the prime factors of n.
29
Suppose 0 = 21*m - 16*m - 10. Suppose 236 = 3*a + a - m*c, -a = -2*c - 65. What are the prime factors of a?
3, 19
Let l(o) = o**2 + 7*o - 2. Let f be l(-6). Let q be 1*7 + f + 5. Suppose 5*x = -3*n - n + 100, q*n = -2*x + 28. List the prime factors of x.
2, 3
Suppose -28960 = -11*g - 6311. What are the prime factors of g?
29, 71
Suppose 32*w = w + 66991. List the prime factors of w.
2161
Suppose c = 6*c - 510. Let z = c - 58. List the prime factors of z.
2, 11
Let d = -33 + 60. Let c = -25 - -9. List the prime factors of d/6*c/(-3).
2, 3
What are the prime factors of 82612/(-57)*(-9)/24*6?
3, 1087
Suppose -44 + 1142 = 3*o. List the prime factors of o.
2, 3, 61
Suppose -2 = -2*c, -h - 25*c + 3566 = -28*c. What are the prime factors of h?
43, 83
Suppose 0 = 2*p + 5*m - 21, -3*p - m = 2*p + 5. List the prime factors of -26*p/4 - 3.
2, 5
Suppose -1714 = -3*p + 4*o, 71*p - 70*p - o = 571. What are the prime factors of p?
2, 3, 5, 19
Suppose s + 137 = -5*w, 68 = -w - w + 4*s. Let b be (35/4)/((-3)/12). What are the prime factors of (b/w)/((-2)/(-40))?
5
Suppose 306 + 39 = 5*u. Suppose u = 5*j + k, 31 + 24 = 4*j + k. List the prime factors of j.
2, 7
Let h(w) = w**2 - 5*w + 2. Let p be h(5). Suppose 0 = -4*z + p + 6. Suppose -z*y = 3*x - 6*y - 32, 4*x + 9 = -5*y. What are the prime factors of x?
2
What are the prime factors of 1*690 + -7 - 3?
2, 5, 17
What are the prime factors of -11 + (-25)/(275/(-3146))?
5, 11
Let d be 136 - (3 - -1 - 4). Let u = d + -92. What are the prime factors of u?
2, 11
Let h(o) be the first derivative of o**3/3 + 6*o + 8. Let d be h(0). List the prime factors of 285/6 + d/12.
2, 3
Let a(q) = -724*q + 102. What are the prime factors of a(-3)?
2, 3, 379
Let n(i) = 9*i + 4. Let p(t) = t**2 + 7*t + 1. Let q be p(-8). What are the prime factors of n(q)?
5, 17
Let t(c) = -11*c - 20. List the prime factors of t(-32).
2, 83
Let p = 31 - 33. List the prime factors of ((-208)/13)/(p/5).
2, 5
Let u be 16/9 - 12/(-54). Suppose f - u*v = 53, f - 5*v - 103 = -f. List the prime factors of f.
59
Suppose 4*x + 0*t = 2*t + 542, 4*x = 4*t + 544. Suppose -1059 = -7*d - x. What are the prime factors of d?
2, 3, 11
Let p be (-4)/(-18) + (-770)/(-18).